s divided by 11?
9
Suppose 3*g + 11 - 44 = 0. Let v(f) = -4 + 3 + f**2 + 1. What is the remainder when g is divided by v(-2)?
3
Let z(r) = r**2 - 12*r + 23. Let w be z(10). Suppose w*d = -d + 44. Calculate the remainder when d is divided by 7.
4
Suppose -2*b + 115 = -71. Calculate the remainder when b is divided by 24.
21
Suppose 0 = -7*a + 143 + 158. Calculate the remainder when a is divided by 11.
10
Suppose -j = 4*j - 10. Suppose 0*y + 6 = y. What is the remainder when (-11)/j*(-2 - 0) is divided by y?
5
Let c(h) = -h**3 + 2*h + 15 + 0*h - h. Let b(a) = -a**3 + 3*a**2 + 3*a - 2. Calculate the remainder when c(0) is divided by b(2).
7
Let x be (-18)/(-12)*28/6. Suppose n = 2*n - x. Calculate the remainder when 27 is divided by n.
6
Let x = 52 - 23. Let y(p) = -p**2 - 7*p + 28. Calculate the remainder when x is divided by y(-9).
9
Suppose -2*v - 29 - 16 = -5*r, 5*r - 3*v = 50. Let h = 1 - -2. Suppose h*u + 20 = 4*u. Calculate the remainder when u is divided by r.
6
Let k(f) = -f**2 + 7*f - 10. Let w = -8 - -12. What is the remainder when 2 is divided by k(w)?
0
Suppose 4*c - 7 - 9 = 0. Suppose 3 = u - 4*n, -c*u + 9*u - n = 15. What is the remainder when (-14)/(0 + -2 - 0) is divided by u?
1
Let w be (2/3)/(6/54). Suppose -2*f + w - 18 = 0. What is the remainder when (-3)/f - 86/(-4) is divided by 12?
10
Suppose -67 = -4*i - 3*b, -i - 2*b + 4*b + 3 = 0. What is the remainder when i is divided by 2?
1
Let t(v) = 4*v**3 + 2*v**2 - v. Let o be t(1). Suppose 27 - 117 = -o*d. Calculate the remainder when d is divided by 5.
3
Suppose 4*h - 16 = -0*h, -2*h = 3*m - 755. Suppose m - 45 = 4*b. What is the remainder when b is divided by 18?
15
Let r(t) = -2*t - 3. Calculate the remainder when 11 is divided by r(-3).
2
Let t = -6 + -1. Let d = t - -5. Calculate the remainder when 1/(d + (-18)/(-8)) is divided by 3.
1
Let w(q) = q**2 + 3*q - 3. Let x(d) = 2*d - 4. Let p be x(4). What is the remainder when w(p) is divided by 9?
7
Let q(l) = l**2 + 6*l + 7. Suppose 3 = -2*t - 7. Calculate the remainder when 5 is divided by q(t).
1
Suppose r = 4*c + 17, 5*r - 5*c + 0 = 25. Let l = -6 - -11. Let i = r + l. What is the remainder when 9 is divided by i?
3
Suppose 2*c + 3 = 3*t, t = 4*c - 1 - 8. Suppose -4*p + 3*i = -236, -c*p = 2*p + 5*i - 260. Suppose -5*s + 54 = -p. What is the remainder when s is divided by 8?
6
Suppose 5*q - p - 135 = 0, -q + 5*p + 17 + 34 = 0. Let j(f) = 2*f**2 - 5*f + 1. What is the remainder when j(5) is divided by 1 + 1/(2/q)?
12
Let s(k) = k**2 - 6*k - 13. What is the remainder when s(-4) is divided by 10*(-2)/(-12)*6?
7
Let r be 70*28/(-16)*-2. Suppose r = -l + 6*l. Calculate the remainder when l is divided by 26.
23
Suppose -9*z + 4*z = 45. Suppose 0*n - 92 = -4*n. Let k = n + z. Calculate the remainder when k is divided by 5.
4
Let q = 11 - 13. Let r(t) = -8*t - 1. What is the remainder when r(q) is divided by (-3)/(-12) - 62/(-8)?
7
Let h be (-2)/(-6) + (-32)/(-12). What is the remainder when h/(-12) + (-267)/(-12) is divided by 6?
4
Suppose 0 = -0*n - n + 5. Let j = -32 - -48. Suppose -j = n*m - 81. Calculate the remainder when m is divided by 7.
6
Suppose 5*c + 16 + 14 = 0. Let u(h) = -h**3 - 6*h**2 - h + 6. Calculate the remainder when u(c) is divided by 7.
5
Let f = 3 - 0. Calculate the remainder when 10 is divided by f.
1
Suppose 2*v + 3*u = 77 + 210, 0 = 4*u - 20. What is the remainder when v is divided by 28?
24
Suppose 106 - 58 = 2*m. Calculate the remainder when 164 is divided by m.
20
Suppose -78 = -2*r - 4*r. Calculate the remainder when 2 + (2 - -1*20) is divided by r.
11
Let b = 13 - 0. What is the remainder when (2/(-3))/((-42)/1449) is divided by b?
10
Let n(s) = 27*s + 1. Let m = -6 + 10. Suppose 8*a = m*a + 76. What is the remainder when n(2) is divided by a?
17
Let n = 23 - 9. Let h = 5 - -21. Calculate the remainder when h is divided by n.
12
Suppose -o + 3*o + 2 = 0. Let w be ((-4)/8)/(o/4). Suppose 2*f = -w*f + 24. Calculate the remainder when 11 is divided by f.
5
Suppose -2*s - 56 + 146 = 0. What is the remainder when s is divided by 12?
9
Suppose -1 = -0*t - t, 0 = -g + 2*t + 61. What is the remainder when g is divided by 22?
19
Let p(w) = 9*w - 3. Let j be p(3). Let m be (-4)/14 - j/14. Calculate the remainder when 0 - m*(-1 + 2) is divided by 2.
0
Let q(p) = -p**2 - 13*p + 9. What is the remainder when q(-7) is divided by 13?
12
Let s = -14 - -26. Calculate the remainder when 56 is divided by s.
8
Let x = 150 - 143. What is the remainder when 53 is divided by x?
4
Suppose q = -q + 16. Calculate the remainder when (-22)/3*3/(-1) is divided by q.
6
Suppose 5*z + 3*n + 7 + 12 = 0, z = -3*n - 11. Suppose -l = -0*y - 4*y - 21, 2*y + 3 = -l. Calculate the remainder when l is divided by ((-3)/z)/((-2)/(-4)).
2
Let i(q) = -14*q - 2. Let v be i(-2). Suppose w - v = 6. Suppose 3*m - 1 = w. Calculate the remainder when m is divided by 3.
2
What is the remainder when 76 is divided by ((-12)/(-3))/(-8)*-40?
16
Let x be ((-2)/(-4))/((-4)/(-24)). Suppose x*f - 36 = -0*f - 2*o, 3*o = 2*f - 11. Calculate the remainder when 29 is divided by f.
9
Let a = 58 - 32. What is the remainder when 127 is divided by a?
23
Let t = 36 - 21. Calculate the remainder when t is divided by 6.
3
Let m = -9 - -32. What is the remainder when 41 is divided by m?
18
Let f(n) = n**3 - 9*n**2 + 2*n - 10. Calculate the remainder when 13 is divided by f(9).
5
Let j(b) = -13*b + 4. Suppose 42 = 2*c - 0*c. What is the remainder when j(-6) is divided by c?
19
Let j(f) = f**2 - 2*f + 2. Let z = -10 + 15. Suppose -t + z*t - 68 = 0. What is the remainder when j(-6) is divided by t?
16
Let k(j) = j + 7. Let x be k(0). Suppose 28 = 3*g - 4*p, 0 = -2*g + 3*p + x + 11. What is the remainder when ((-2)/(-4))/(1/46) is divided by g?
11
Suppose 0 = -4*i + 36 + 24. Calculate the remainder when 40 is divided by i.
10
Let q(f) = f**2 - 29*f + 66. What is the remainder when 34 is divided by q(27)?
10
Let d = 8 - -8. What is the remainder when 24 is divided by d + (1 + -6 - -2)?
11
Suppose -29 = -5*w + 56. Let u = 9 - 0. Calculate the remainder when w is divided by u.
8
Suppose -2 = b - 16. Suppose -3*r - 9 = 0, -l = -2*l + r + b. What is the remainder when 20 is divided by l?
9
Let l be 3/(-5) - 12/(-20). Suppose l = -4*u - 36 + 136. What is the remainder when u is divided by 9?
7
Suppose 0 = -0*v + 3*v. Suppose -2*p + 4 = 0, 2*p = -3*u - v*p + 13. Suppose -3*z - 6 = -0, -b = -z - 7. What is the remainder when b is divided by u?
2
Let r(g) be the second derivative of -g**4/12 + 4*g**3/3 - g**2 - g. Let v = 19 + -12. Calculate the remainder when 13 is divided by r(v).
3
Let h(r) be the first derivative of 9*r**4/4 - r**2 + r - 2. Calculate the remainder when 31 is divided by h(1).
7
Let r = -11 + 13. Suppose -r*k = -1 - 45. Calculate the remainder when k is divided by 13.
10
Suppose -22*g + 18*g + 112 = 0. Let c = -7 - -17. Calculate the remainder when g is divided by c.
8
What is the remainder when 11 is divided by 1 + (2 - 0) - -3?
5
Suppose 2*v - 3 = 7. Suppose 4*r + 4*b - 20 - 36 = 0, 0 = -5*r - 3*b + 60. Calculate the remainder when 123/5 + 2/v is divided by r.
7
Let r(m) = -m**2 - 9*m + 9. Let b be (15/(-2))/((-3)/54). Let t = b + -67. Calculate the remainder when t is divided by r(-7).
22
Let i be (38/(-5))/((-2)/5). Suppose -2*y = -5*u - i - 23, 3*y = -u + 46. Calculate the remainder when 95 is divided by y.
15
Suppose -3*j + 4*j = 55. What is the remainder when j is divided by 29?
26
Suppose 0 = -5*p - 2*x + 4*x + 443, 0 = 4*p - 2*x - 354. Let d = p + -37. Suppose -d = -b - b. Calculate the remainder when b is divided by 14.
12
Let d = 178 - 161. Calculate the remainder when d is divided by 8.
1
Suppose 5*c - 53 = -3. Let l(s) = s**3 + 6*s**2 + 2*s + 5. Suppose -8 = y + y. Calculate the remainder when l(y) is divided by c.
9
Suppose 5*w + 25 - 6 = 2*g, -3*w = -3*g + 15. What is the remainder when 48/g - (0 + -1) is divided by 9?
7
Let a = 16 + 42. Suppose b + 2*j = 4*b - 51, j - 27 = -2*b. Calculate the remainder when a is divided by b.
13
Let w(t) = -t**3 + 5*t**2 - t - 2. What is the remainder when 51 is divided by w(3)?
12
Let l = 38 - 21. Suppose 23 + l = 4*a. What is the remainder when 38 is divided by a?
8
Suppose 7 = -2*v + 85. Suppose -3*l = 2 - 